{"id":74,"date":"2017-08-07T15:16:30","date_gmt":"2017-08-07T13:16:30","guid":{"rendered":"http:\/\/www.ratiovit.com\/?page_id=74"},"modified":"2020-07-20T12:33:19","modified_gmt":"2020-07-20T10:33:19","slug":"lohnabfuellung-dosieren-abfuellen-verpacken","status":"publish","type":"page","link":"https:\/\/www.ratiovit.com\/haendler\/lohnabfuellung-dosieren-abfuellen-verpacken\/","title":{"rendered":"Lohnabf\u00fcllung"},"content":{"rendered":"<p><strong>Ein Natur-Wirkstoff wird zu Ihrem Produkt<\/strong><\/p>\n<p>Sie haben Bulkware, die als ansprechendes, rechtlich einwandfreies Produkt auf den Markt kommen soll?<\/p>\n\n\n<div class=\"wp-block-image\"><figure class=\"alignleft is-resized\"><img loading=\"lazy\" src=\"http:\/\/www.ratiovit.com\/wp-content\/uploads\/2020\/07\/lohnabf\u00fcllung-fluessikkeit-tropfen-spray.jpg\" alt=\"\" class=\"wp-image-366\" width=\"220\" height=\"97\" srcset=\"https:\/\/www.ratiovit.com\/haendler\/wp-content\/uploads\/2020\/07\/lohnabf\u00fcllung-fluessikkeit-tropfen-spray.jpg 440w, https:\/\/www.ratiovit.com\/haendler\/wp-content\/uploads\/2020\/07\/lohnabf\u00fcllung-fluessikkeit-tropfen-spray-300x132.jpg 300w\" sizes=\"(max-width: 220px) 100vw, 220px\" \/><\/figure><\/div>\n\n\n\n<p>\u2705 <strong>Fl\u00fcssigkeiten: <\/strong>Abf\u00fcllen Ihrer Fl\u00fcssigkeiten in Flaschen von 10ml bis 1Liter.<br><strong><em><a href=\"https:\/\/www.ratiovit.com\/haendler\/fluessigkeiten\/\">mehr Informationen<\/a><\/em><\/strong><\/p>\n\n\n\n<div class=\"wp-block-image\"><figure class=\"alignleft is-resized\"><img loading=\"lazy\" src=\"http:\/\/www.ratiovit.com\/wp-content\/uploads\/2020\/07\/lohnabf\u00fcllung-kapseln-tabletten-softgels-presslinge.jpg\" alt=\"\" class=\"wp-image-367\" width=\"220\" height=\"97\" srcset=\"https:\/\/www.ratiovit.com\/haendler\/wp-content\/uploads\/2020\/07\/lohnabf\u00fcllung-kapseln-tabletten-softgels-presslinge.jpg 440w, https:\/\/www.ratiovit.com\/haendler\/wp-content\/uploads\/2020\/07\/lohnabf\u00fcllung-kapseln-tabletten-softgels-presslinge-300x132.jpg 300w\" sizes=\"(max-width: 220px) 100vw, 220px\" \/><\/figure><\/div>\n\n\n\n<p> \u2705 <strong>Kapseln, Tabletten, Softgels:<\/strong> Z\u00e4hlen und Abf\u00fcllen in Dosen, Beutel, Gl\u00e4ser, etc. <br><em><strong><a href=\"https:\/\/www.ratiovit.com\/haendler\/kapseln\/\">mehr Informationen<\/a><\/strong><\/em><\/p>\n\n\n\n<div class=\"wp-block-image\"><figure class=\"alignleft is-resized\"><img loading=\"lazy\" src=\"http:\/\/www.ratiovit.com\/wp-content\/uploads\/2020\/07\/lohnabf\u00fcllung-pulver-tee.jpg\" alt=\"\" class=\"wp-image-368\" width=\"220\" height=\"97\" srcset=\"https:\/\/www.ratiovit.com\/haendler\/wp-content\/uploads\/2020\/07\/lohnabf\u00fcllung-pulver-tee.jpg 440w, https:\/\/www.ratiovit.com\/haendler\/wp-content\/uploads\/2020\/07\/lohnabf\u00fcllung-pulver-tee-300x132.jpg 300w\" sizes=\"(max-width: 220px) 100vw, 220px\" \/><\/figure><\/div>\n\n\n\n<p> \u2705 <strong>Pulver: <\/strong>Abf\u00fcllen in Dosen, Beutel, Gl\u00e4ser, etc. <br><em><strong><a href=\"https:\/\/www.ratiovit.com\/haendler\/pulver\/\">mehr Informationen<\/a><\/strong><\/em><\/p>\n","protected":false},"excerpt":{"rendered":"<p>Ein Natur-Wirkstoff wird zu Ihrem Produkt Sie haben Bulkware, die als ansprechendes, rechtlich einwandfreies Produkt auf den Markt kommen soll? \u2705 Fl\u00fcssigkeiten: Abf\u00fcllen Ihrer Fl\u00fcssigkeiten in Flaschen von 10ml bis 1Liter.mehr Informationen \u2705 Kapseln, Tabletten, Softgels: Z\u00e4hlen und Abf\u00fcllen in Dosen, Beutel, Gl\u00e4ser, etc. mehr Informationen \u2705 Pulver: Abf\u00fcllen in Dosen, Beutel, Gl\u00e4ser, etc. mehr &hellip; <a href=\"https:\/\/www.ratiovit.com\/haendler\/lohnabfuellung-dosieren-abfuellen-verpacken\/\" class=\"more-link\"><span class=\"screen-reader-text\">Lohnabf\u00fcllung<\/span> weiterlesen<\/a><\/p>\n","protected":false},"author":2,"featured_media":0,"parent":0,"menu_order":0,"comment_status":"closed","ping_status":"closed","template":"","meta":[],"_links":{"self":[{"href":"https:\/\/www.ratiovit.com\/haendler\/wp-json\/wp\/v2\/pages\/74"}],"collection":[{"href":"https:\/\/www.ratiovit.com\/haendler\/wp-json\/wp\/v2\/pages"}],"about":[{"href":"https:\/\/www.ratiovit.com\/haendler\/wp-json\/wp\/v2\/types\/page"}],"author":[{"embeddable":true,"href":"https:\/\/www.ratiovit.com\/haendler\/wp-json\/wp\/v2\/users\/2"}],"replies":[{"embeddable":true,"href":"https:\/\/www.ratiovit.com\/haendler\/wp-json\/wp\/v2\/comments?post=74"}],"version-history":[{"count":35,"href":"https:\/\/www.ratiovit.com\/haendler\/wp-json\/wp\/v2\/pages\/74\/revisions"}],"predecessor-version":[{"id":391,"href":"https:\/\/www.ratiovit.com\/haendler\/wp-json\/wp\/v2\/pages\/74\/revisions\/391"}],"wp:attachment":[{"href":"https:\/\/www.ratiovit.com\/haendler\/wp-json\/wp\/v2\/media?parent=74"}],"curies":[{"name":"wp","href":"https:\/\/api.w.org\/{rel}","templated":true}]}}